-i**3 + 6*i**2 - 8. Let u be k(6). Let b be w(u). Let g = -322 + b. Calculate the highest common factor of g and 25.
25
Suppose -4*i + 4*v + v = -37, 7 = 4*i + v. Suppose 7*w - 5*a - 1339 = 3*w, i*w + 5*a = 1048. What is the highest common factor of w and 44?
11
Suppose -6*v + 167 = -31. Suppose v*o + 84 = 37*o. Let a = o - 18. What is the highest common factor of 3 and a?
3
Suppose 59 = 4*t + 19. Let w(q) = 5*q - 18. Let s be w(t). Let j = 37 - s. What is the highest common divisor of 40 and j?
5
Let t = -77 + 133. Let r(k) = 25*k + 9. Let a(g) = g + 1. Let b(v) = -4*a(v) - r(v). Let j be b(-1). Calculate the greatest common divisor of t and j.
8
Let y = 15018 + -15011. What is the greatest common factor of y and 623?
7
Suppose 3*w - n = 736 + 238, -3*n = w - 308. Calculate the highest common factor of w and 238.
17
Suppose -v - 3*o = 2*o + 14, 3*o = 0. Let f be (1 - -256) + (13 - 1) + v. Calculate the greatest common divisor of f and 30.
15
Let b be -3 + 3/12 + 2083/4. Let s = b - 174. Calculate the greatest common divisor of s and 430.
86
Suppose 8 = -3*v + 65. Let d(z) = -z + 35. Suppose 67 = -8*k + 43. Let m be d(k). Calculate the highest common divisor of v and m.
19
Let i = 351 - -135. Suppose -i = -63*l + 57*l. Calculate the greatest common factor of 9 and l.
9
Suppose -3*c + 367 = -392. Let o(r) = 5*r**2 + r + 1. Suppose 0 = -4*f - 8, 0*q + 6 = q - 2*f. Let p be o(q). Calculate the highest common factor of p and c.
23
Suppose 0 = -31*b + 26*b - 4*m + 30195, b + 5*m - 6060 = 0. What is the greatest common factor of b and 85?
85
Let s be (-1)/(-3) - (-3 - (-791)/(-3)). Let x = s - -229. Suppose 4*b + 0*f - 4*f - x = 0, 2*f + 10 = 0. What is the highest common divisor of b and 17?
17
Let d be -2 + 39/4 + 1/4. Suppose 42 = -6*t + d*t. Let q be (1 + -12 - 1)/(4/(-28)). Calculate the highest common divisor of t and q.
21
Let x = 2413 + -905. Calculate the highest common factor of x and 232.
116
Let n(z) = 6*z**2 - 2*z. Let w be n(-2). Suppose 202*f + 58*f - 116620 = 15*f. What is the greatest common factor of w and f?
28
Suppose -407*x + 378*x + 33495 = 0. What is the highest common factor of x and 110?
55
Let l = 358 - 353. Let k(o) = o**3 + 6*o**2 - 17*o + 5. Let y be k(l). Calculate the highest common divisor of 260 and y.
65
Let h be (14/5)/((-1)/(-15)). Let n(q) = 14*q - 49. Let o(a) = 17*a - 114. Let t be o(7). Let s be n(t). Calculate the greatest common factor of h and s.
21
Let a(c) = -c**2 - 22*c - 14. Suppose 68*k = 76*k + 168. Let l be a(k). Calculate the highest common factor of 35 and l.
7
Let c(n) = -4*n - 51. Let o be c(-19). Suppose o*w - 2784 = 9*w. Calculate the greatest common factor of w and 58.
58
Let f be (-632)/237*-3*1. Suppose 0 = -j + f*j - 56. What is the highest common divisor of j and 168?
8
Let r(p) = p**3 + 4*p**2 - 5*p + 8. Let x be r(5). Suppose -8*a - 31 - 17 = 0. Let u be (-3)/24*a + 366/24. What is the highest common factor of x and u?
16
Suppose -4*s = -5*s + 116. Suppose s*f = 111*f + 55. Let q be (-1 + -10)/((-2)/4). Calculate the highest common divisor of f and q.
11
Let k(q) = -q**2 - 40*q + 6. Suppose 5*o = -3*z + 4*o - 105, o = 5*z + 167. Let g be k(z). Calculate the highest common factor of 84 and g.
42
Suppose 4*u + 1464 = -2*y, -1464 = 7*u - 3*u + 4*y. Let x = u + 384. Let m(h) = 36*h**2. Let g be m(-1). Calculate the greatest common factor of x and g.
18
Let k(h) = 682*h - 6060. Let m be k(10). Calculate the highest common divisor of 180 and m.
20
Suppose 35*b + 132 = 57*b. What is the greatest common factor of b and 138?
6
Let d be (-132)/(-11) + -7 + (-488)/(-2). Let f = -229 + d. Calculate the highest common divisor of f and 320.
20
Let h = 114 - 96. Let y be (-56)/h + 5 - (-3)/27. What is the greatest common divisor of 1 and y?
1
Suppose n - 28 = 3*u, 5*n + 9*u - 154 = 10*u. Suppose 1080 = n*p - 22*p. Suppose -2*r = -17*r + p. What is the highest common divisor of 4 and r?
4
Let c(r) = 14*r**3 + 2*r**2 - 5*r + 4. Let t be c(2). Suppose 30 = 4*l - t. Let y = l - 18. What is the greatest common divisor of y and 24?
6
Suppose -8*r - 2538 = -11*r. Suppose -5*n = -2*u - r, -2*n + 4*u + 180 = -n. Calculate the greatest common factor of 42 and n.
42
Suppose 5383 = 46*v - 827. Let d = -3 - -33. Calculate the greatest common factor of v and d.
15
Let b = 277 + 42. What is the greatest common divisor of b and 275?
11
Let o be (7 + 105/(-14))*-1*6. Let p be (-2 + 100/(-6))*o/(-1). Let m be 1092/p*2/3. What is the highest common divisor of 39 and m?
13
Let n = -129 - -153. Let u = 113 + -49. Let l be (-2 + u/12)*18. Calculate the greatest common divisor of n and l.
12
Let x = -232 - -264. Let m be ((-6)/(-4) - 2)/(16/(-13312)). Calculate the highest common factor of m and x.
32
Suppose -3*v = -5*v + 128. Let r = 129 + -83. Suppose d = 3*a - r, 2*d - 24 = -a - 2*d. What is the greatest common factor of a and v?
16
Suppose v + 19 = n - 4*v, 0 = -3*n - 4*v + 19. Let s be (-2 + 0)/(-1) + n. Let m = -71 - -82. Calculate the highest common factor of m and s.
11
Suppose 14 + 22 = 4*d. Let l be (-18 + -558)*12/8. Let m = l - -891. What is the greatest common divisor of d and m?
9
Suppose 0 = 3*q - 4*b - 41 + 27, -4*q = -3*b - 21. Suppose 5*o + 5*w = 3330, -5*o + 3339 = 2*w - q*w. What is the greatest common divisor of o and 29?
29
Suppose 17*v = -2*c + 12*v + 1340, 0 = 2*c - v - 1340. What is the highest common factor of c and 90?
10
Let o(a) = a**3 - 12*a + 7. Let p be o(5). Suppose -2*f + 3 = -h + 45, -4*h + 204 = 4*f. What is the highest common factor of h and p?
24
Suppose t + 2*c = -0*c + 61, -3*c - 255 = -4*t. Suppose n - 168 = t. What is the highest common divisor of 21 and n?
21
Suppose 14 = 2*j - z, -5*z = -0*j - 4*j + 40. Let i be 15/1*4/j. Let h(b) = 94*b - 634. Let w be h(7). What is the greatest common factor of w and i?
12
Suppose 0 = -2*p - 4*i + 1058, 5*i + 43 = 38. What is the greatest common divisor of 3599 and p?
59
Suppose 17*t = 12*t + 3*a + 23215, -64945 = -14*t - 3*a. What is the highest common factor of t and 48?
16
Let u = -3824 + 3871. Calculate the greatest common divisor of u and 6627.
47
Let b be 13 + 1367280/48 + (-2 - -8). Calculate the highest common divisor of b and 112.
56
Let z(t) = -t**2 - 15*t - 4 - 3 + 3*t + 0*t**2. Let r be z(-5). Suppose -10*v + 9*v + 6 = 2*h, -v = -2*h - 10. What is the highest common divisor of r and v?
4
Let f = 3278 + -3092. What is the greatest common factor of 66 and f?
6
Let u = 74 + 275. Let t = -292 + u. Calculate the greatest common factor of t and 95.
19
Let s(z) = z**2 - 10*z + 30. Let x be s(5). Let t = -5 + 5. Suppose t = x*q - 3 - 22. What is the highest common factor of 40 and q?
5
Suppose -51 = -2*v + 5. Suppose -3*q = -q + v. Let c be q/(-2) + (2 - 5)/3. Calculate the highest common divisor of 9 and c.
3
Let d(o) be the third derivative of o**6/120 + o**5/5 + 5*o**4/6 + o**3/2 - 48*o**2. Let p be d(-10). What is the highest common divisor of p and 51?
3
Let r be (2/16*8)/((-1)/(-4)). Suppose c - 6 = 2*o + o, 0 = -r*c - 5*o - 10. Let f be -2 - (c*(-3 + 2) + -4). Calculate the greatest common divisor of 10 and f.
2
Let m = 119 + 125. Let f = m + -88. Suppose 0 = -0*w - 12*w + f. What is the greatest common factor of 13 and w?
13
Suppose 4*t - t = -2*x + 41, 4*x + 9 = t. Suppose -27*b = t*b - 12400. What is the greatest common factor of 10 and b?
10
Let s(w) = -3*w - 14. Let d = 38 - 28. Suppose 5*u = d*u + 30. Let y be s(u). What is the highest common factor of 4 and y?
4
Let v = 144 + -123. Let b be (225/(-6))/(0 - (-4)/(-56)). Calculate the highest common divisor of v and b.
21
Let r be (228/(-2))/(154/(-11) + 15)*-1. Calculate the greatest common divisor of r and 209.
19
Let f = -8901 - -8925. Calculate the highest common factor of 2364 and f.
12
Suppose 4*x - 46 = 10. Suppose 0 = u - p - 183, 5*u - u - 760 = -3*p. Suppose -176*d + u*d - 1232 = 0. What is the highest common divisor of x and d?
14
Let y = -179 - -503. Let q be -6 + (y/144)/(2/40). What is the highest common divisor of 247 and q?
13
Let h = -11316 + 12152. Calculate the greatest common factor of h and 6061.
209
Suppose -c + 2 = 3*u - 0*c, 0 = -2*c - 8. Let f be (-299 - u)/(4 - 5 - 0). Calculate the greatest common factor of f and 43.
43
Let b(h) = -17*h + 5389. Let